 a factor of 1007784?
True
Is 189400 a multiple of 126?
False
Is 278200 a multiple of 100?
True
Does 33 divide 3306361?
False
Is 96 a factor of 20544?
True
Is 7533548 a multiple of 187?
False
Is 112 a factor of 17299332?
False
Does 5 divide 797806?
False
Is 27 a factor of 2335134?
False
Is 192 a factor of 72064?
False
Is 6934315 a multiple of 113?
False
Is 309505 a multiple of 60?
False
Is 82 a factor of 175170?
False
Is 126837 a multiple of 183?
False
Is 1395003 a multiple of 142?
False
Is 263072 a multiple of 16?
True
Is 19 a factor of 378260?
False
Is 131 a factor of 37597?
True
Is 29 a factor of 439636?
False
Does 74 divide 381969?
False
Does 44 divide 12680883?
False
Does 669 divide 2552904?
True
Is 86 a factor of 211990?
True
Does 2161 divide 8230141?
False
Does 154 divide 10897656?
True
Is 581559 a multiple of 51?
False
Does 106 divide 770899?
False
Is 23 a factor of 183310?
True
Is 111972 a multiple of 31?
True
Is 14 a factor of 12153615?
False
Does 291 divide 570238?
False
Does 48 divide 3859443?
False
Does 5 divide 77115?
True
Does 12 divide 363748?
False
Is 66 a factor of 26968?
False
Is 38600 a multiple of 40?
True
Is 19361 a multiple of 2?
False
Does 5 divide 202875?
True
Is 497121 a multiple of 213?
False
Does 11 divide 11564?
False
Does 40 divide 108032?
False
Is 527 a factor of 149669?
False
Does 19 divide 17290?
True
Is 2 a factor of 755466?
True
Is 126 a factor of 46386?
False
Is 15 a factor of 3690?
True
Is 170975 a multiple of 25?
True
Does 200 divide 511630?
False
Is 9 a factor of 15957?
True
Is 375 a factor of 28025894?
False
Is 64 a factor of 149184?
True
Does 33 divide 4480674?
True
Is 49272 a multiple of 12?
True
Is 11 a factor of 428753?
False
Is 318560 a multiple of 8?
True
Is 1092362 a multiple of 182?
False
Is 287103 a multiple of 46?
False
Does 142 divide 92868?
True
Is 1100 a factor of 3834600?
True
Is 55470 a multiple of 215?
True
Is 3 a factor of 105219?
True
Is 30 a factor of 240210?
True
Does 40 divide 1665673?
False
Is 9357879 a multiple of 22?
False
Is 3623745 a multiple of 45?
False
Is 14755861 a multiple of 79?
False
Is 811085 a multiple of 19?
False
Does 230 divide 3329467?
False
Is 347220 a multiple of 54?
True
Does 885 divide 846945?
True
Is 171138 a multiple of 33?
True
Is 5 a factor of 9605841?
False
Does 115 divide 1955?
True
Is 7 a factor of 3195180?
False
Is 1118089 a multiple of 757?
True
Is 5 a factor of 167412?
False
Is 8 a factor of 221047?
False
Is 1090001 a multiple of 197?
True
Does 16 divide 155728?
True
Is 1523109 a multiple of 427?
True
Does 25 divide 1345200?
True
Is 11 a factor of 3758769?
False
Is 74 a factor of 21164?
True
Is 529 a factor of 2526585?
False
Is 387 a factor of 95263?
False
Does 222 divide 1294038?
True
Is 23408 a multiple of 28?
True
Does 38 divide 408728?
True
Is 11 a factor of 625514?
False
Is 32 a factor of 10525190?
False
Is 1283 a factor of 17513186?
False
Does 51 divide 90372?
True
Is 21 a factor of 2165520?
True
Is 13868104 a multiple of 482?
True
Does 21 divide 522688?
False
Does 4 divide 424415?
False
Is 59 a factor of 2012844?
True
Is 36471 a multiple of 12?
False
Is 480780 a multiple of 60?
True
Is 14 a factor of 109086?
False
Is 254015 a multiple of 101?
True
Is 251650 a multiple of 175?
True
Does 3 divide 806916?
True
Is 12 a factor of 690925?
False
Is 15 a factor of 498600?
True
Is 98 a factor of 917706?
False
Does 211 divide 1093824?
True
Does 143 divide 2002?
True
Is 3 a factor of 60848?
False
Is 13996 a multiple of 10?
False
Does 172 divide 429745?
False
Is 12 a factor of 10035?
False
Is 36 a factor of 731101?
False
Is 9 a factor of 569241?
True
Is 58 a factor of 745532?
True
Is 2054755 a multiple of 418?
False
Does 30 divide 98070?
True
Is 340200 a multiple of 24?
True
Is 10871706 a multiple of 534?
True
Is 15 a factor of 283276?
False
Does 174 divide 8546817?
False
Does 41 divide 1776002?
False
Is 576 a factor of 3989952?
True
Is 212 a factor of 85364?
False
Is 110 a factor of 3873709?
False
Is 31120 a multiple of 21?
False
Is 254 a factor of 19517185?
False
Is 442950 a multiple of 46?
False
Is 460 a factor of 2467445?
False
Is 1173294 a multiple of 5?
False
Is 109 a factor of 13596006?
True
Does 23 divide 985366?
True
Is 1076418 a multiple of 126?
True
Is 279 a factor of 745488?
True
Is 437104 a multiple of 136?
True
Is 398 a factor of 69376?
False
Is 282 a factor of 160315?
False
Is 128862 a multiple of 3?
True
Does 551 divide 2739021?
True
Does 13 divide 7637816?
False
Is 62751 a multiple of 39?
True
Is 21 a factor of 182721?
True
Does 23 divide 286050?
False
Is 50 a factor of 363400?
True
Does 10 divide 827753?
False
Is 105490 even?
True
Is 364595 a multiple of 115?
False
Is 349590 a multiple of 15?
True
Does 7 divide 1752138?
False
Is 945576 a multiple of 1142?
True
Is 649 a factor of 3118998?
False
Is 260 a factor of 1764354?
False
Is 1538976 a multiple of 246?
True
Is 1208644 a multiple of 17?
False
Does 9 divide 1132785?
True
Does 31 divide 978231?
False
Does 13 divide 280976?
False
Is 13 a factor of 67847?
True
Does 3 divide 183141?
True
Does 154 divide 204821?
False
Is 128 a factor of 818176?
True
Does 305 divide 371185?
True
Is 1905120 a multiple of 735?
True
Is 266960 a multiple of 40?
True
Does 198 divide 404514?
True
Is 420 a factor of 17085600?
True
Does 33 divide 22742?
False
Is 31 a factor of 16235847?
True
Is 2 a factor of 101914?
True
Is 12 a factor of 2117268?
True
Is 4507069 a multiple of 227?
False
Is 160388 a multiple of 14?
False
Is 72 a factor of 1247937?
False
Is 9 a factor of 895768?
False
Is 1083206 a multiple of 394?
False
Is 31 a factor of 528333?
True
Does 28 divide 12264?
True
Is 28 a factor of 2708901?
False
Is 510026 a multiple of 478?
True
Is 12 a factor of 7328761?
False
Is 9 a factor of 269397?
True
Is 187 a factor of 23243?
False
Is 8 a factor of 19805?
False
Does 316 divide 119764?
True
Is 2465499 a multiple of 7?
False
Is 6 a factor of 61129?
False
Is 178946 a multiple of 3?
False
Is 720161 a multiple of 31?
True
Is 220 a factor of 1562928?
False
Is 5412109 a multiple of 16?
False
Does 50 divide 29031?
False
Does 93 divide 4982128?
False
Is 80286 a multiple of 6?
True
Does 450 divide 3288397?
False
Is 11 a factor of 683973?
False
Does 1076 divide 923208?
True
Is 296 a factor of 815394?
False
Does 23 divide 20112?
False
Does 34 divide 5899612?
True
Does 473 divide 2151177?
False
Does 42 divide 90846?
True
Is 85 a factor of 51566?
False
Is 150927 a multiple of 5?
False
Is 22 a factor of 7652458?
True
Is 31355 a multiple of 6?
False
Is 48 a factor of 221136?
True
Is 178 a factor of 3971965?
False
Is 14 a factor of 704088?
True
Is 15893655 a multiple of 18?
False
Does 62 divide 226610?
True
Is 18007 even?
False
Is 12836917 a multiple of 50?
False
Does 105 divide 94605?
True
Is 108320 a multiple of 8?
True
Is 129854 a multiple of 187?
False
Is 9 a factor of 3298014?
True
Does 597 divide 3972723?
False
Is 12 a factor of 1324848?
True
Is 79529 a multiple of 67?
True
Does 670 divide 2928363?
False
Is 529 a factor of 700891?
False
Does 140 divide 1365377?
False
Is 205442 a multiple of 16?
False
Does 7 divide 1019817?
False
Is 399627 a multiple of 27?
True
Is 339 a factor of 799023?
True
Is 1521615 a multiple of 4?
False
Does 42 divide 37420?
False
Is 1315051 a multiple of 10?
False
Is 161403 a multiple of 33?
True
Does 33 divide 5018145?
True
Is 345989 a multiple of 4?
False
Is 50 a factor of 1606770?
False
Is 134 a factor of 114034?
True
Does 55 divide 1469270?
True
Does 5 divide 410870?
True
Is 399810 a multiple of 9?
False
Does 7 divide 75299?
True
Does 49 divide 111622?
True
Is 1768508 a multiple of 14?
True
Does 12 divide 22961?
False
Is 10 a factor of 711019?
False
Does 18 divide 165654?
True
Is 26 a factor of 3528826?
False
Is 62 a factor of 89838?
True
Is 99 a factor of 2293632?
True
Does 22 divide 197584?
False
Is 339544 a multiple of 104?
False
Does 137 divide 177059?
False
Is 2 a factor of 42908?
True
Is 10 a factor of 486985?
False
Is 7571969 a multiple of 154?
False
Does 593 divide 2472810?
True
Does 60 divide 212406?
False
Is 166 a factor of 8255014?
True
Is 30 a factor of 31740?
True
Is 153 a factor of 423657?
True
Does 46 divide 33586?
False
Is 35 a factor of 233411?
False
Is 1368821 a multiple of 1